 a(g) = -2*g**3 + g**3 + 3*g**2 + g**2 - 4 - g. Let z be a(3). What is the units digit of (-1 - -4) + (0 - z)?
1
Let c = 23 - 27. What is the units digit of 37/4 + 1/c?
9
Suppose 0 = -7*t + 2*t - 160. Suppose -96*r + 136 = -94*r. Let h = t + r. What is the units digit of h?
6
Let d(p) = -p**2 - 113*p - 26. What is the thousands digit of d(-70)?
2
What is the units digit of (483 - 11)*(-3)/(-4)?
4
Let h be (-10)/(-40) + (-2)/8. Suppose 2*v - 176 = -h. What is the tens digit of v?
8
Let y be 28/6*(-21)/(-14). Suppose y*f = 9*f - 4. Suppose 0 = f*l + l - 72. What is the tens digit of l?
2
Suppose 0 = 2*s - s - 22. Let q be 70/s - (-8)/(-44). Suppose 0 = -q*d + 5*d - 138. What is the units digit of d?
9
Suppose x - 5*o = 4043, -x - 6*o = -9*o - 4043. What is the thousands digit of x?
4
Suppose 0 = 3*i - 4*o - 50, 0*i + 3*o = -i + 21. What is the hundreds digit of ((-260)/14)/((i/(-21))/6)?
1
Let u(k) = 2*k - 6. Let v be u(2). What is the tens digit of 10/v*418/(-95)?
2
Let k(q) = -2*q**3 - 7*q**2 - 3*q - 7. Let l = -96 + 90. What is the tens digit of k(l)?
9
Let a(l) = -l - 12. Let d be a(-6). What is the units digit of 1 + (67 - d/3)?
0
Suppose -5*g - 3*v = -437, 2*g + 3*g + 4*v - 436 = 0. Let u = g + -52. What is the units digit of u?
6
Suppose -4*q + 0 + 4 = -4*n, -4*n + 5*q = 7. Suppose 0 = -n*b - b - 2*l + 253, b - 2*l - 71 = 0. Let p = 136 - b. What is the tens digit of p?
5
Let y(h) be the first derivative of -5*h**2 + 1/3*h**3 + 3 + 12*h. What is the units digit of y(9)?
3
Let h(d) = d**2 - 5*d - 176. What is the tens digit of h(-15)?
2
Let k(h) = 2*h**3 - 8*h**2 - 2*h + 9. Let d(v) = -v**3 + 3*v**2 + 6*v - 2. Let r be d(4). What is the tens digit of k(r)?
4
Let i(k) = 91*k + 118. What is the units digit of i(4)?
2
Suppose 5*l - 4*r - 1872 = 640, -497 = -l - r. What is the hundreds digit of l?
5
What is the hundreds digit of -7 + 61416/63 - 2/(-14)?
9
Let p(g) = -13*g - 9. Let x(m) = 6*m + 5. Let u(k) = -2*p(k) - 5*x(k). Suppose -3*t - 5*j = 32, 0*j = t - j. What is the units digit of u(t)?
9
What is the units digit of (14/(-35))/((-3)/17655)?
4
Suppose l - 2*c = 3*l + 86, 2*l - 2*c + 78 = 0. Let w = 178 + l. What is the tens digit of w?
3
Let m(k) be the third derivative of k**6/120 + k**5/30 + k**4/24 - k**3/3 + 44*k**2. What is the hundreds digit of m(5)?
1
Let w(o) be the second derivative of o**4/24 + 4*o**3/3 - o**2 + 2*o. Let k(q) be the first derivative of w(q). What is the units digit of k(12)?
0
What is the tens digit of (-151)/((-6)/(-4 - -22))?
5
Suppose 3*q = 2*z + 2523 + 1305, 2545 = 2*q + z. What is the units digit of q?
4
Let o(v) = -4 + 6 + 4*v + 9. What is the tens digit of o(22)?
9
Let s = 103 + -99. Suppose -j + 70 = -2*u - 3*u, 4*j = -s*u + 280. What is the units digit of j?
0
Let v(o) = -65*o - 35. What is the hundreds digit of v(-7)?
4
Let a = 6 - 3. Let q(c) be the first derivative of 3*c**4/4 - c**3 - 2*c - 7. What is the tens digit of q(a)?
5
Let p = -14 - -62. Suppose 4*b - 206 - p = -5*w, 5*w - 193 = -3*b. Let t = b - 35. What is the tens digit of t?
2
Suppose 15*j - 619 = -3*z + 14*j, -2*z - 3*j = -422. What is the tens digit of z?
0
Let d(x) be the first derivative of -87*x**2/2 - 5*x + 49. What is the tens digit of d(-1)?
8
Suppose -2*i = -22*i + 9640. What is the units digit of i?
2
Suppose -25 = 11*z - 16*z. Let l(n) = 18*n - 10. What is the units digit of l(z)?
0
Suppose 317 = 3*w - 115. Let h = -96 + w. What is the tens digit of h?
4
Let z = -319 - -2594. What is the thousands digit of z?
2
What is the tens digit of (-126)/1386 + (-45432)/(-22)?
6
Let n = -33 - -15. Let l be 16/(-6)*27/n. Suppose -94 = -l*y + 5*w, 3*w - 32 = 3*y - 4*y. What is the tens digit of y?
2
Let s(l) = -2*l. Let d(m) = 5*m. Let n(j) = 3*d(j) + 7*s(j). Let z(r) = -r + 10. Let h(q) = 2*n(q) - z(q). What is the units digit of h(5)?
5
Let p(d) = -4 - 3*d + 23 + 6 + d. What is the tens digit of p(5)?
1
Suppose -4*a + 498 = x + 193, 15 = -5*x. What is the units digit of a?
7
Let o be 8/(-14)*(-14)/4. Suppose o*b - 15 = b. What is the units digit of b?
5
Suppose 219 = 3*o - 3*u, 0 = 3*u - 2 - 7. Let i = o - 22. What is the units digit of (72/i)/((-4)/(-102))?
4
Let r = -306 + 405. What is the units digit of r?
9
Let g = -203 - -414. What is the hundreds digit of g?
2
Suppose 3*x + 7*k - 3*k - 24 = 0, 3*x = 4*k. Suppose -q - x*y + 39 = 0, -q = 4*q - 2*y - 283. What is the tens digit of q?
5
Let z(i) = -2*i**3 + 4*i**2 + 2*i - 1. Let a = 10 - 16. Let r(j) = j**3 + 6*j**2 + j + 4. Let f be r(a). What is the units digit of z(f)?
7
Let c(g) = 5*g**2 + 2*g + 3. Let v(y) = y**2 - 11*y + 6. Let z be v(11). Suppose 5*i - 2*i + z = 0. What is the units digit of c(i)?
9
What is the units digit of -6 + 1 + 82/1*1?
7
Let d(m) = m**3 + 21*m**2 - 8*m + 14. What is the hundreds digit of d(-16)?
4
Suppose 0 = -2*n + 4 - 6, 63 = -5*c - 3*n. What is the units digit of ((0 - -4)/c)/((-3)/837)?
3
Suppose 23 - 7 = 4*x. Suppose -3*h = x*d + 79, -h - 5 + 0 = -4*d. Let l = h - -49. What is the tens digit of l?
2
Let a(w) = 5*w. Let f be a(6). Let x = f + 7. What is the tens digit of -1*x*(-2 - -1)?
3
Let t(s) = s**3 + 31*s**2 - 38*s + 125. What is the hundreds digit of t(-32)?
3
Let k(a) be the second derivative of 2*a**3/3 + a**2/2 + 4*a. Let b be k(-1). What is the tens digit of ((-236)/4)/(3/b)?
5
Let y(w) = -92*w + 6. Let z be y(-3). Suppose 2*o = -3*n - 3*o + z, 4*o + 433 = 5*n. What is the units digit of n?
9
Let n(i) = -i**2 + 10*i - 8. Suppose -4*v - 8 = -2*g, 0 = 4*g - 0*g - 2*v - 10. Suppose 2*t = -2*p + 18, -g*p - 4*t - t = -21. What is the units digit of n(p)?
8
Suppose -5*a - 3*o = -27, 3*o = 5*a + 4*o - 19. Suppose -322 = -a*b - 4*b. What is the tens digit of b?
4
Let f = -278 + 4368. What is the tens digit of f?
9
Let z = -26 - -26. Suppose 4*g + 0*g = z. Suppose i + g = 1. What is the units digit of i?
1
Let u be (-9)/(((-2)/(-20))/(6/(-9))). Suppose 0 = -25*c + 29*c - u. What is the tens digit of c?
1
Suppose 33*i + i = 62866. What is the hundreds digit of i?
8
Let i = 35 + -14. Suppose 4*c - 11 - i = 3*v, 4*c - 4*v = 36. Suppose 2*q + 253 = c*s, 2*s + 4*q + 64 = 170. What is the tens digit of s?
5
Let v = -113 - -114. What is the units digit of (22 - 23)*(-31)/v?
1
Suppose 3*u = -4*m + 3309, 4*m + 4*u - 5*u - 3313 = 0. What is the hundreds digit of m?
8
Suppose -22*n + 3109 = -2303. What is the tens digit of n?
4
Let g(f) = 6*f**3 + 6*f**2 - 3*f + 3. What is the units digit of g(4)?
1
Let d(w) = 13 - w + w**2 - 10*w + 4*w. Let j be d(6). Suppose j + 8 = a. What is the tens digit of a?
1
Suppose 14 = 4*l + 2*f, 2*f = -l + f + 6. Let z be l - 3/(6/2). Suppose z = -5*p + x + 25, -2*p + x + 12 - 2 = 0. What is the units digit of p?
5
Let y = 789 + -242. What is the tens digit of y?
4
Let a(q) be the third derivative of 0*q + q**2 + 0*q**5 + 1/3*q**3 - 1/60*q**6 + 1/8*q**4 + 0. What is the units digit of a(-2)?
2
Suppose 5*g - 17 = -u + 4, 4*g = -3*u + 74. Let d = u + 47. What is the tens digit of d?
7
Let z = -51 + 55. Suppose 0 = -3*m + 6*m + 2*y - 320, -m + 102 = -z*y. What is the units digit of m?
6
Let y(a) = 79*a**2 + 3*a + 6. What is the tens digit of y(-3)?
0
Suppose 59 = 3*o + k - 93, 0 = -4*k + 8. What is the units digit of o?
0
Let g(y) = 4*y + 7*y**2 - 4 - 3 + 3 - 4*y**2. What is the tens digit of g(-4)?
2
Let v be ((-8)/18)/((-12)/54). Suppose -q + v*q = 20. Suppose 0 = 5*a - 100 - q. What is the tens digit of a?
2
Suppose a - 37 = -j - 2*a, 2*j = 2*a + 34. Suppose -3*v = -2*v - j. What is the tens digit of v?
2
Suppose -2*x = 4*p - 22, 5*x - 22 = 2*p - p. Suppose o + 4*o = 15, -4*t + 189 = p*o. What is the units digit of t?
5
Suppose 0 = -2*n + 3 + 11. Suppose -2*h = 0, -i - 4*h + 0*h - n = 0. What is the units digit of (-169)/i + (-6)/42?
4
Let r(c) = c**3 - 14*c**2 + 14*c - 37. What is the hundreds digit of r(17)?
0
What is the units digit of ((-2)/2)/(3 + (-188)/62)?
1
Let u be (-400)/12*(-3)/2. Suppose -46 - u = -4*r. What is the tens digit of (-4)/(-2*3/r)?
1
Let p(a) = a + 65. Let b(g) = g + 1. Let d(z) = -3*z. Let i(m) = -3*b(m) - 2*d(m). Let r be i(1). What is the tens digit of p(r)?
6
Let v(x) = x**3 - 7*x**2 + 5*x - 6. Let i be v(6). What is the tens digit of 196/10 - i/30?
2
Let s(k) = 71*k - 10. Let b(l) = -1. Let m(g)